be i(-5). Let b be (2 + 9/l)*0. Let g be b + 1 - (-24 - -2). What is the greatest common factor of g and 207?
23
Let g(c) = 5*c - 12. Let f be g(8). Let x(k) = 346*k. Let y be x(2). Let z be 4/14 + y/f. What is the greatest common factor of 5 and z?
5
Let o = 11 - -101. Calculate the highest common factor of 14 and o.
14
Let w = -66 + 94. Suppose -2*n - 5*k + 99 = -0*k, -4*n = 2*k - 174. Calculate the highest common factor of w and n.
14
Let c be 0 - (-5)/(15/12). What is the highest common factor of c and 36?
4
Let o(r) = 34*r + 8. Let y be o(4). What is the highest common factor of y and 36?
36
Let c = 11 - 7. Suppose 0 = -c*s - s + 60. What is the highest common divisor of s and 24?
12
Let s = -34 + 23. Let j = 13 + s. Let x = -4 + 22. What is the greatest common factor of x and j?
2
Let h(g) = g + 1. Let o be h(4). Suppose 5*f = -4*x + 665, -o*f + x + 664 + 1 = 0. Let r = f + -29. Calculate the highest common divisor of r and 13.
13
Let m(q) = q**3 - q + 2. Let d(y) = -y - 9. Let u be d(-11). Let a be m(u). Calculate the greatest common factor of 20 and a.
4
Let k be (-115)/(-5) + 4 - 2. Calculate the highest common factor of k and 225.
25
Suppose 1 = 2*i + 7. Let b be 18*i/(6/(-47)). Suppose -5*v + 5*o = -b - 117, 0 = 2*v + 3*o - 226. What is the highest common factor of 10 and v?
10
Suppose 0 = -13*n + 9*n - 16. Let a be ((-9)/2)/(2/n). What is the greatest common divisor of a and 18?
9
Let b(n) = n**3 - 2*n**2 + 2*n - 7. Let c be b(3). Calculate the greatest common factor of c and 12.
4
Let h be 6 - 0 - (-3)/(-1). Suppose 0 = h*v - 17 - 10. What is the greatest common divisor of 63 and v?
9
Let w(i) = 7*i**3 - i**2. Let j be w(-1). Let g be j*-14*9/24. Suppose -g = -k - k. Calculate the greatest common factor of k and 168.
21
Let l(r) = r. Let f be l(6). Let w = 20 + -14. Calculate the highest common divisor of f and w.
6
Let l = 6 - 7. Let o = 7 + l. Suppose -o*k + 495 = -k. Calculate the highest common divisor of k and 9.
9
Let j be -1 + 2/(-4)*-6. Suppose 0*o - j*o + 80 = 0. What is the greatest common factor of o and 5?
5
Suppose -r + 40 = 4*o - 6*r, 4*o - 2*r = 52. Let g(x) = x**2 + 135. Let a be g(0). What is the highest common factor of o and a?
15
Suppose -3*v - 4*i = -90, v + 0*i - 30 = 5*i. Calculate the greatest common factor of v and 15.
15
Let k = -69 + 115. Suppose 2*p = -0*p + 46. What is the highest common factor of k and p?
23
Suppose 2*k + 54 = 3*s, -4*k = -3*s + k + 63. Let m be 1/(-1)*-3 - 4. Let r be ((-1)/3)/(m/12). Calculate the highest common divisor of r and s.
4
Let a = 17 - 11. Let q = a + -2. Suppose q*h = 2*n, -4*h - 4*n = -7 - 5. What is the greatest common factor of h and 7?
1
Suppose 4*t = 3*t + 1. Suppose 0 = -2*u - 3*d + 24, 5*u - 5*d - 35 = 0. Suppose -u = 3*r - 4*r. What is the highest common factor of t and r?
1
Let n be (-3 + (-13)/(-2))*2. Calculate the highest common divisor of 63 and n.
7
Let w be -1*(-8 + (-2 - -3)). Let t(x) = x**2 + 7*x + 28. Let m be t(0). What is the greatest common factor of m and w?
7
Suppose 3*z = -m + 47, -4*m + 68 = z + 3*z. Let y be z/(-6)*2 - -2. Let v be (-2)/y*(-66)/(-4). What is the greatest common divisor of 44 and v?
11
Let m(b) = -b**3 - 16*b**2 + b + 22. Let c be m(-16). What is the greatest common factor of c and 21?
3
Suppose -x = -5*w + 4*x + 20, 2*w - 8 = 4*x. Let v = w - -5. What is the greatest common divisor of 63 and v?
9
Let v = 16 + 4. Let m = v + -37. Let k = 33 + m. Calculate the greatest common factor of k and 16.
16
Suppose 111*h - 264 = 105*h. What is the highest common divisor of 176 and h?
44
Suppose -6*z + 10 + 8 = 0. Calculate the highest common divisor of z and 24.
3
Suppose -16 = -2*z - 4*p, -4*z - 3*p = -4*p - 14. Suppose 2*d = d + 24. Calculate the highest common factor of d and z.
4
Let g(c) = -c**2 - c + 32. Let v be 0/((-3 - 0) + 5). Let b be g(v). Suppose 0 = -f - 4, -5*t - f + 9 = -27. Calculate the greatest common divisor of t and b.
8
Suppose -56 = m - 3*m. Suppose -6 = -2*v + m. What is the highest common factor of v and 68?
17
Suppose 3*l - 7 = 17. Let v(s) = -353*s - 1. Let d be v(-1). Suppose 0 = -6*w + 2*w + d. What is the greatest common divisor of l and w?
8
Suppose 0 = -k - n + 16, -3*n + 17 = 4*k - 46. Suppose -3*l - 2*l + k = 0. Let r be (3/(-1))/(l/(-22)). What is the highest common divisor of r and 66?
22
Let z = 202 - 48. Let c be (-8)/12 + 136/6. What is the highest common factor of z and c?
22
Suppose 23*q = 25*q - 180. Calculate the greatest common factor of 36 and q.
18
Let r = 2 - -90. What is the highest common factor of 138 and r?
46
Suppose -3*s + 6 = -6. Suppose 4*j + 6 + 10 = 0. Let x be 6 - 4*(-2)/j. What is the greatest common divisor of x and s?
4
Let m(u) = -3*u + 30. Let z be m(5). Calculate the greatest common factor of z and 15.
15
Suppose h = -p + 7, h + 3*h = -2*p + 22. Suppose 14 = -2*y + 18. Calculate the greatest common factor of h and y.
2
Suppose -3*k - 3*l + 18 = 0, k + 2*k + 4*l - 22 = 0. What is the greatest common factor of 14 and k?
2
Let t be -1 + (-2)/(4/(-82)). Let y be (-5)/(-4)*-6*(-6)/9. Calculate the highest common factor of y and t.
5
Suppose f + 3*o + 11 = -0*f, -4*f - 5*o - 23 = 0. Let b be (-5)/f + (-5)/10. Calculate the highest common factor of b and 2.
2
Let n be -3 + 22/4*-6. Let w = -21 - n. What is the greatest common divisor of 5 and w?
5
Let z(r) = 3*r**2 - 3*r + 6. Let t be z(4). Let q(p) = -4*p + 54. Let o be q(10). Calculate the greatest common divisor of t and o.
14
Let c = -6 + 8. Suppose -c*q + 6*q = 100. Calculate the greatest common divisor of q and 25.
25
Let i = 6 + -4. Suppose 8 - 28 = -i*f. Let b be 362/4 + (-3)/6. What is the greatest common divisor of b and f?
10
Let b = 7 + -6. Let p be -2 + 1 + -3 - b. Let o be (-2)/p - (-438)/30. What is the greatest common factor of 5 and o?
5
Let u = 30 - 17. Let s be (15 + 1)/(2/13). Calculate the greatest common divisor of u and s.
13
Let w be -150*((-6)/4 - 0). Let t(f) = -3*f**3 - 26*f**2 + 5*f - 11. Let c be t(-9). What is the greatest common factor of w and c?
25
Let r(n) = n**3 + 11*n**2 + 10*n + 2. Let j be r(-10). Suppose 4*z + 0 = 4. Calculate the greatest common divisor of z and j.
1
Suppose -5*p - 7 + 67 = 0. Let i be ((-4)/6)/(4/6). Let c be -18*((-6)/(-9))/i. Calculate the highest common divisor of p and c.
12
Let b be (-6530)/(-22) + 2/11. Calculate the greatest common divisor of 33 and b.
33
Suppose -2*i = -240 - 68. Let h be (44/(-8))/((-1)/6). Let q = -19 + h. What is the greatest common divisor of q and i?
14
Let h = 61 + 9. Calculate the greatest common divisor of 105 and h.
35
Let j = 21 - 39. Let u be (j/30)/((-2)/30). Suppose -2*p + 4*k + 170 = 0, -5*k - 8 = 2. Calculate the highest common divisor of u and p.
9
Let u = 50 - 26. Let i = -31 + 34. Calculate the greatest common divisor of u and i.
3
Let g(y) = -7 - y - 7 + 2*y - 5*y. Let w be g(-11). What is the greatest common divisor of w and 10?
10
Let i(m) = -2*m - 4. Let u be i(-11). Suppose a = -4*s + 25, 0 = -3*a - a + 3*s + 195. What is the highest common divisor of a and u?
9
Suppose t + 0*t = 132. What is the highest common factor of 12 and t?
12
Let z = 0 + 5. Let a = -13 + 18. Calculate the greatest common divisor of z and a.
5
Suppose 11 = 3*o - 5*z, 3*z - 4*z + 30 = 4*o. Calculate the greatest common factor of 7 and o.
7
Suppose 3*h = 3*i + 2*h - 45, 5*i - 5*h = 85. Suppose 0 = 5*j - 0*j - 105. What is the greatest common factor of j and i?
7
Suppose 3*u + 4*p = 154, -6*p + 5*p - 2 = 0. What is the greatest common factor of 135 and u?
27
Suppose -y + 324 = y. Calculate the highest common factor of y and 27.
27
Let k be 9 - (0 + (-4 - -3)). Suppose -2*l - k = -38. Calculate the highest common factor of l and 14.
14
Let j = -21 + 46. Let i = j + -10. Let f be 14 + -1 + (-8)/(-4). Calculate the greatest common divisor of f and i.
15
Let g(y) = 2*y - 5. Let b = 21 + -13. Let n be g(b). Let d(c) = c**3 + 7*c**2 - 9*c - 8. Let j be d(-7). What is the greatest common divisor of j and n?
11
Let b(m) = -103*m. Let w be b(-1). Suppose 3*y = -3*r + 297, 0*y + 5*y - w = -r. What is the greatest common divisor of 14 and r?
14
Suppose 115 = 15*t - 10*t. Calculate the highest common factor of 23 and t.
23
Let d = 100 - 60. Calculate the highest co